7?
2
What is the ten millions digit of 4970675157?
7
What is the units digit of 443404983?
3
What is the billions digit of 7233527382?
7
What is the hundred millions digit of 318483959?
3
What is the hundred thousands digit of 29381094?
3
What is the ten thousands digit of 35129296?
2
What is the tens digit of 63062063?
6
What is the units digit of 64511559?
9
What is the hundreds digit of 1013395499?
4
What is the hundred thousands digit of 18717764?
7
What is the millions digit of 95911356?
5
What is the units digit of 931606134?
4
What is the tens digit of 192820145?
4
What is the units digit of 482755400?
0
What is the units digit of 1732195603?
3
What is the ten millions digit of 96906612?
9
What is the thousands digit of 22873320?
3
What is the hundred thousands digit of 307297598?
2
What is the thousands digit of 42477216?
7
What is the ten thousands digit of 287709456?
0
What is the hundred thousands digit of 211768267?
7
What is the hundred thousands digit of 447821059?
8
What is the billions digit of 3830022862?
3
What is the tens digit of 1364095289?
8
What is the units digit of 1025342441?
1
What is the hundreds digit of 3435507912?
9
What is the ten thousands digit of 137591692?
9
What is the ten thousands digit of 103291774?
9
What is the hundred thousands digit of 487156252?
1
What is the units digit of 44135645?
5
What is the hundreds digit of 237745588?
5
What is the ten thousands digit of 859644624?
4
What is the thousands digit of 1495987935?
7
What is the ten thousands digit of 176302996?
0
What is the millions digit of 7794737?
7
What is the billions digit of 1248537515?
1
What is the thousands digit of 211551850?
1
What is the units digit of 3544437994?
4
What is the tens digit of 28953060?
6
What is the ten millions digit of 26284925?
2
What is the hundred thousands digit of 28028010?
0
What is the hundred thousands digit of 885365439?
3
What is the millions digit of 70472409?
0
What is the ten thousands digit of 491967381?
6
What is the thousands digit of 2860204204?
4
What is the thousands digit of 960398569?
8
What is the hundreds digit of 4208965103?
1
What is the ten thousands digit of 5624252012?
5
What is the ten millions digit of 368988615?
6
What is the hundred thousands digit of 374887509?
8
What is the hundred thousands digit of 84556944?
5
What is the ten millions digit of 328092437?
2
What is the thousands digit of 34579321?
9
What is the thousands digit of 153320935?
0
What is the hundreds digit of 2055522895?
8
What is the millions digit of 30146673?
0
What is the thousands digit of 824665372?
5
What is the hundred millions digit of 1155353056?
1
What is the units digit of 383981185?
5
What is the millions digit of 56993045?
6
What is the millions digit of 3301870523?
1
What is the hundred millions digit of 7612079005?
6
What is the hundred millions digit of 211818236?
2
What is the tens digit of 134056749?
4
What is the hundred thousands digit of 883945590?
9
What is the tens digit of 29200760?
6
What is the tens digit of 507258700?
0
What is the ten thousands digit of 67697907?
9
What is the billions digit of 1865669083?
1
What is the hundred thousands digit of 67392705?
3
What is the ten millions digit of 2066134374?
6
What is the ten millions digit of 2272954439?
7
What is the millions digit of 196806204?
6
What is the hundreds digit of 196244642?
6
What is the hundred thousands digit of 143853790?
8
What is the hundreds digit of 329219299?
2
What is the millions digit of 1839007841?
9
What is the ten thousands digit of 419132?
1
What is the ten millions digit of 184810479?
8
What is the hundred thousands digit of 820806654?
8
What is the millions digit of 388256802?
8
What is the millions digit of 40355334?
0
What is the hundreds digit of 48704415?
4
What is the ten millions digit of 29878751?
2
What is the thousands digit of 23982981?
2
What is the ten millions digit of 586930478?
8
What is the units digit of 216651760?
0
What is the ten thousands digit of 107319974?
1
What is the units digit of 13327397?
7
What is the ten thousands digit of 3292087638?
8
What is the hundred thousands digit of 869284382?
2
What is the hundreds digit of 80821935?
9
What is the thousands digit of 226465072?
5
What is the thousands digit of 596238698?
8
What is the ten thousands digit of 69943389?
4
What is the ten thousands digit of 1593126893?
2
What is the ten millions digit of 722284113?
2
What is the tens digit of 1313900351?
5
What is the thousands digit of 3555088113?
8
What is the units digit of 209226183?
3
What is the hundred thousands digit of 186879076?
8
What is the thousands digit of 599354448?
4
What is the millions digit of 29386690?
9
What is the thousands digit of 5451234030?
4
What is the hundred thousands digit of 29785161?
7
What is the units digit of 2122855803?
3
What is the thousands digit of 302955134?
5
What is the hundred thousands digit of 2220635847?
6
What is the ten thousands digit of 82099050?
9
What is the hundred thousands digit of 8264833?
2
What is the tens digit of 442093987?
8
What is the ten millions digit of 15729984?
1
What is the hundreds digit of 83014630?
6
What is the hundred millions digit of 182541386?
1
What is the tens digit of 44628162?
6
What is the tens digit of 10189288?
8
What is the ten thousands digit of 53514217?
1
What is the hundred thousands digit of 5136100230?
1
What is the billions digit of 6344616667?
6
What is the units digit of 29476964?
4
What is the millions digit of 7528289?
7
What is the tens digit of 146244194?
9
What is the millions digit of 66596686?
6
What is the hundreds digit of 49532286?
2
What is the hundred thousands digit of 47633314?
6
What is the ten thousands digit of 1711267951?
6
What is the ten millions digit of 283774404?
8
What is the ten millions digit of 148788851?
4
What is the hundreds digit of 5359132?
1
What is the ten thousands digit of 13282763?
8
What is the units digit of 2068865970?
0
What is the hundreds digit of 517351495?
4
What is the hundred thousands digit of 718413115?
4
What is the hundreds digit of 487703207?
2
What is the ten thousands digit of 524584696?
8
What is the units digit of 426763796?
6
What is the ten millions digit of 2441413556?
4
What is the hundreds digit of 128619569?
5
What is the hundred thousands digit of 2899498023?
4
What is the tens digit of 90841631?
3
What is the hundreds digit of 182337650?
6
What is the hundred thousands digit of 171581612?
5
What is the ten thousands digit of 76764925?
6
What is the hundred millions digit of 327685072?
3
What is the ten thousands digit of 135713239?
1
What is the tens digit of 766306435?
3
What is the tens digit of 4871821685?
8
What is the ten thousands digit of 178313291?
1
What is the ten thousands digit of 132493076?
9
What is the hundred thousands digit of 1542677405?
6
What is the tens digit of 78040994?
9
What is the hundred thousands digit of 50957753?
9
What is the millions digit of 198230488?
8
What is the millions digit of 18921439?
8
What is the hundred millions digit of 344182636?
3
What is the thousands digit of 1586678701?
8
What is the units digit of 8594883?
3
What is the units digit of 904193822?
2
What is the ten millions digit of 2246871652?
4
What is the hundreds digit of 98274303?
3
What is the millions digit of 989486043?
9
What is the units digit of 1278133146?
6
What is the thousands digit of 1674779769?
9
What is the millions digit of 842936664?
2
What is the millions digit of 1227259639?
7
What is the ten thousands digit of 29315755?
1
What is the tens digit of 657017392?
9
What is the hundred thousands digit of 1537605459?
6
What is the hundred millions digit of 5371635124?
3
What is the tens digit of 611266085?
8
What is the thousands digit of 147745578?
5
What is the millions digit of 751898747?
1
What is the tens digit of 786837319?
1
What is the thousands digit of 397651264?
1
What is the thousands digit of 2467766098?
6
What is the millions digit of 98764752?
8
What is the ten thousands digit of 130275720?
7
What is the hundred thousands digit of 2388006249?
0
What is the hundreds digit of 117704764?
7
What is the thousands digit of 30352712?
2
What is the units digit of 583507990?
0
What is the millions digit of 27